 factors of (-2)/2*-40 + (4 - 1)?
43
Let x(b) = 2*b - 3. Let u be x(3). Suppose 0 = u*v - 3*g - 6 - 45, -g - 2 = 0. What are the prime factors of v?
3, 5
Suppose 12 = 3*x + 2*i, 0 = 4*x - 9*x + 5*i - 5. What are the prime factors of x?
2
Suppose -2*v - 4 + 0 = -4*k, 2*v - k = -7. Let r(g) = 5*g**2 + 5 + 3*g - 2 + g**3 + 2. What are the prime factors of r(v)?
3
Let q(w) = 10*w - 5. What are the prime factors of q(6)?
5, 11
Let w(g) = g + 16. Let a be w(-13). Suppose -4*f + a*f = -7. What are the prime factors of f?
7
Let u be 2/4 + 7/2. Suppose u*q + 2*i + 3*i = 72, -i - 35 = -3*q. List the prime factors of q.
13
What are the prime factors of (0 - (-188)/4)/1?
47
Suppose 3*f = 7*f - 5*n - 1156, 0 = n + 4. List the prime factors of f.
2, 71
Let r(y) = -y**2 - 4*y + 2. Let q be r(-5). Let b = q + 5. Suppose b*t = 2*g + 8, -t + 7 = g - 3. What are the prime factors of t?
7
Suppose 66 = 4*v + 2*g, 5*v - 76 = 4*g - 0. List the prime factors of v.
2
Suppose j - 15 = 2*f, -j + 5*f - 1 = -16. Let q = 5 + j. What are the prime factors of q?
2, 5
Suppose -12 = -5*j + 8. Suppose 9*f - j*f = -5*l - 5, -5*f - 2 = 4*l. What are the prime factors of f?
2
Let o(l) be the first derivative of -l**4/4 - l**3 + 5*l**2/2 + 6*l - 4. Let u be o(-4). What are the prime factors of (u/4)/((-3)/(-84))?
2, 7
Suppose -6*k = -1034 + 176. What are the prime factors of k?
11, 13
Suppose -5*v + 5 = n + 24, 2 = 2*n + 2*v. List the prime factors of n.
2, 3
Suppose -5*l + 40 = -5*g, -3 = g - 0*g. Suppose -l*t + 3*h + 47 = 0, -t - 4*h - 9 = -0*t. What are the prime factors of t?
7
Suppose -j = -2*g + 189, -4*g + 5*j - 58 = -421. List the prime factors of g.
97
Let i(w) = -2 + 12 - 2*w + 3*w. Let r be i(-8). What are the prime factors of -4*((-2)/(-4) - r)?
2, 3
Suppose 5*c - 15 = 0, 5*k - 5*c = -0 + 125. What are the prime factors of k?
2, 7
Suppose -g + 12 = 3. Let t = 4 + g. What are the prime factors of t?
13
Let l(r) be the second derivative of r**4/6 + r**3/6 + r**2/2 + r. What are the prime factors of l(3)?
2, 11
Let l(v) = v**2 - v + 1. Let b(j) = -j**2 + 3. Let g be b(3). Let o be g/(-4) + (-2)/(-4). What are the prime factors of l(o)?
3
Suppose 0*m = 3*m + 15, -10 = 3*n + 5*m. Suppose n*g + i - 60 = 0, 3*g - 19 = -2*i + 10. What are the prime factors of g?
13
Let a be 1/3 + (-50)/15. Let v be a/(-6)*(-126)/(-3). Let p = v + -11. List the prime factors of p.
2, 5
Let r = 6 - 3. List the prime factors of r + 2 - (-2 + 1).
2, 3
Let l = -99 + 109. What are the prime factors of l?
2, 5
Suppose -4 + 0 = -y + j, j + 22 = 3*y. What are the prime factors of y?
3
Let p(o) = -o - 2. Let d be p(-4). Suppose 0*b - 22 = -d*b. What are the prime factors of -1 + -1 - (-1 - b)?
2, 5
Let u(y) = -y**3 - 12*y**2 + 7*y + 14. What are the prime factors of u(-13)?
2, 23
Suppose 6*c + 4*p - 16 = 3*c, 0 = -4*c - 2*p + 8. Suppose 4*w - 8 = -c*w. Suppose 5 = w*a - 3. List the prime factors of a.
2
Let u(p) = -p + 3. Let y be u(3). Suppose 69 = 5*m - 2*v, m + m - v - 28 = y. List the prime factors of m.
13
What are the prime factors of 152 - (7 + -6 + 2)?
149
Let i = 112 - 64. Suppose 7*p + 4*g = 3*p + 84, 4*p - 5*g - i = 0. What are the prime factors of p?
17
Let w(g) = g**3 + 4*g**2 + 3*g + 1. Let i be w(-3). Suppose -5*r - 5*a + 40 = 0, i = -5*a + 16. What are the prime factors of r?
5
Suppose -4*o + 10 = -18. List the prime factors of o*1 - (-3)/1.
2, 5
Suppose 0 - 4 = -2*g. List the prime factors of g/((-2)/15*-3).
5
Suppose o - 49 = 22. List the prime factors of o.
71
Let h = 195 + -108. What are the prime factors of h?
3, 29
Suppose -4*b + 5*z = -5*b + 25, -5*z = 4*b - 25. Suppose b = -0*w + w - 11. What are the prime factors of w?
11
What are the prime factors of 1016/22 + (-2)/11?
2, 23
List the prime factors of 108*(-10)/(-3) + 5 + -3.
2, 181
Suppose -7 = -r - 2*g, -10 = -3*r - g + 1. What are the prime factors of r/(-2)*(-4)/2?
3
Suppose -5*n = -0 - 5, 0 = 5*z + 5*n - 15. Suppose f - 7 = z. List the prime factors of f.
3
Let w(b) = -b**3 - 8*b**2 + 2*b - 17. List the prime factors of w(-9).
2, 23
Let v(x) = -3*x**2 - 3*x + 1. Let a(t) = -4*t**2 - 2*t + 1. Let n(k) = -5*a(k) + 4*v(k). Let j be n(-1). Let o = 17 - j. What are the prime factors of o?
2
Let m be (-2)/8 - (-15)/(-4). List the prime factors of m/(-18) + 266/18.
3, 5
Let w be (12/(-9))/((-2)/(-3)). Let s = w + 4. Suppose -4*o = -5*u + 83, -3*o = s*u - u - 9. List the prime factors of u.
3, 5
Let x be (-66)/(-8)*-2*-2. Let z = x - 13. Suppose 6 = 2*v - z. List the prime factors of v.
13
Let n = 5 - 1. List the prime factors of n.
2
Let h = 367 - 238. Let b = 186 - h. What are the prime factors of b?
3, 19
Let r be 2 - -2*(-2)/(-4). Suppose -4*g + 2*o = -12, -4*o + 16 = r*g - g. Suppose -5*v - 4*j = -23 + 8, -2*v + g*j = -6. What are the prime factors of v?
3
Let p(z) = -10 - z**2 + 10 + 11*z**2 + z. List the prime factors of p(1).
11
Suppose 2*w = 2*g - 2*w + 4, 4*g = w - 1. Let a = g - -11. Suppose -2*d - a = -3*d. What are the prime factors of d?
11
What are the prime factors of (-7)/((-7)/2) + 38/2?
3, 7
Let q(r) = -3*r**3 + r**2. Let m be q(-2). Suppose 4*c - m = 32. What are the prime factors of c?
3, 5
Let h(s) = 3*s**3 - 2*s**2 + 2*s - 3. Suppose 4*z + 0*y + 2*y = 58, z - 4*y = -8. Let n = z + -10. List the prime factors of h(n).
17
Let l = 1 - -1. Let j be (l - 1/3)*3. Let p = 7 - j. What are the prime factors of p?
2
Let t be -2*1*(-4)/8. Let m = t + -1. Let d = 8 + m. List the prime factors of d.
2
Let t(z) = -z**3 + 7*z**2 + 9*z - 8. Let s be t(8). Suppose s = -5*r + 79 + 26. List the prime factors of r.
3, 7
Suppose -3*n = -0 - 45. Suppose y = 4*b + 14 - 4, 4*y = -b + 23. Suppose y*i = i + n. What are the prime factors of i?
3
Suppose 40 = 2*r - 6*r. List the prime factors of 1512/45 + (-4)/r.
2, 17
Let v(c) = -10*c - 18. Let h be v(-10). Suppose 142 + h = 4*w. What are the prime factors of w?
2, 7
Let v = 193 + -74. What are the prime factors of v?
7, 17
Suppose 2*w - 2*b = 3*b + 8, -2*b - 20 = -5*w. List the prime factors of -2 + (-5 + w)*-25.
23
Let q = 7 - 4. Suppose -4*u - 1 = -m + 17, -q*m = -2*u - 14. List the prime factors of 2/m + 1 - -6.
2
Let x = 127 + 191. List the prime factors of x.
2, 3, 53
Suppose 2*d = -21*d + 874. List the prime factors of d.
2, 19
Let o be 4 + (-5 - -8) + 1. Let t = 15 + -2. Let w = o + t. What are the prime factors of w?
3, 7
Let r be 15 + ((-3)/(-3))/1. Suppose -f - r = -s - 2*f, 0 = -4*s - 3*f + 65. List the prime factors of s.
17
Suppose 0 = x + 7*s - 3*s - 8, 125 = 5*x + 3*s. What are the prime factors of x?
2, 7
Suppose -56 = -2*u + 102. List the prime factors of u.
79
Let o = 9 - 6. Suppose o = 3*y - 24. Suppose y = 4*s + 1. List the prime factors of s.
2
Let o = -85 - -135. What are the prime factors of o?
2, 5
Suppose -5*l + 5*m + 70 = 0, 3*m + 0 = -12. What are the prime factors of l?
2, 5
Suppose 5*o - 40 = 6*o. What are the prime factors of (o/6)/((-2)/3)?
2, 5
Suppose -3*c = -0*k - k, 0 = 3*k + c - 10. Suppose -44 = -3*i + 4*g, k*i - 5*i - 3*g + 35 = 0. List the prime factors of i.
2
Let h = -5 - -10. What are the prime factors of h?
5
Suppose 0 = -4*h - 9 + 25. Suppose 0 = 3*n - h*l - 40, -4*n = l + 3*l - 16. What are the prime factors of n?
2
List the prime factors of (-160)/2*2/(-4).
2, 5
Let p be (10/(-4))/((-25)/20). Suppose 4*w = 5*g + 135, w - 6*w = p*g - 144. What are the prime factors of w?
2, 3, 5
Suppose -s = -2*a, -5*s + a + a = -16. Suppose -12 + 4 = -s*l. Suppose -l*d + 22 = -0*d. List the prime factors of d.
11
Suppose -6*c = -c + 10. Let y(s) = 5*s**2 + 5*s + 4. List the prime factors of y(c).
2, 7
Let t be (-33)/(-4) + 6/8. Let n(m) = 2*m - 11. List the prime factors of n(t).
7
What are the prime factors of (-5 - (-330)/18)/((-2)/(-27))?
2, 3, 5
Let k(b) = -b**3 + 10*b**2 + 2*b - 30. Let r be k(10). Let p = -25 + 43. Let i = r + p. What are the prime factors of i?
2
Suppose 11*x - 375 = 549. List the prime factors of x.
2, 3, 7
Let k(a) = -a**2 - 2*a + 2. Let s be k(2). Let v be (-16)/s + 6/(-9). Suppose -4*w + 15 = f + v*f, -2*w = -5*f - 1. List the prime factors of w.
3
Suppose 26 = 3*c - 76. Suppose 62 = 4*i - c. Let j = i + -12. List the prime factors of j.
2, 3
Let z(q) = -2*q**2 - 11*q + q**2 - 1 - 7. What are the prime factors of z(-7)?
2, 5